the tens digit of c(-6)?
6
Let g(u) = -3 - 8*u**2 + 6 - 13*u**3 - 6*u + 12*u**3. Let d be g(-9). Let h = d + -86. What is the tens digit of h?
5
Let r = -2973 - -5431. Suppose -2468 = -2*z - 4*p, 0 = 2*z + 4*p - 2*p - r. What is the tens digit of z?
2
Let o(g) = -2*g**3 + 5*g**2 - 3*g + 8. Let s be o(-6). Suppose 4*n + c - s = -0*c, -5*n + 3*c = -789. Suppose j - n = -2*j. What is the tens digit of j?
5
Suppose 0 = -12*u + 5*u + 700. Let o(p) = -9*p + 4. Let v be o(4). Let d = v + u. What is the tens digit of d?
6
Let b(y) = 12*y + 208. Let i be b(-16). Suppose 9 = a + r, -a - 3 + 0 = -5*r. Suppose i*h = a*h + 576. What is the tens digit of h?
6
Let k = 2267 + 5046. What is the thousands digit of k?
7
Suppose 23*c - 427112 = -93*c. What is the units digit of c?
2
Let o(i) = 5*i**2 - 10*i - 12. Let s be o(5). Let l = -40 + s. Let u = 112 - l. What is the units digit of u?
9
Suppose 0 = 3*z + 3*r - 174465, 3*z + 2*r + 0*r - 174469 = 0. What is the thousands digit of z?
8
Let g = 432 + -431. Let a(q) = 593*q**3 + 2*q**2 - 2. What is the tens digit of a(g)?
9
Let p(l) = 18*l**2 - 3*l + 39. Let i be p(-9). Let h = -527 + i. What is the units digit of h?
7
Let g = 221 + -477. Let m = -133 - g. Suppose m = k - 39. What is the units digit of k?
2
Let r be (-2)/5 + 642/30. Suppose m - 2*n = n + r, -4*m + 2*n + 34 = 0. Suppose m*u - 540 = -0*u. What is the units digit of u?
0
Suppose -2*o + 5*o - 24836 = -t, 0 = 4*o - 4*t - 33104. What is the hundreds digit of o?
2
What is the hundreds digit of 6*(-5)/((-30)/1096)*260/80?
5
Let m(o) = -4*o**2 + o - 8. Let k be m(-7). Let j = k - -276. What is the tens digit of j?
6
Let d(s) = 11*s**2 + 100*s - 1357. What is the ten thousands digit of d(86)?
8
Suppose -7617*s - 4915 = -7618*s. What is the hundreds digit of s?
9
Suppose 0 = -31*c + 49*c + 324. What is the hundreds digit of 15/40*4*(-20472)/c?
7
Let s(j) = 6589*j**2 - 13*j + 50. What is the hundreds digit of s(2)?
3
Let t(d) = 61*d**3 + 2*d**2 - 2*d + 1. Let q be t(1). Let r = q - 97. What is the units digit of (0 - r)*6/10?
1
Let j be (7 - 6)*-6 + 147. Suppose j*i - 11220 = 126*i. What is the hundreds digit of i?
7
Suppose -6*a + 25 = -65. Let f(n) = -n**3 + 14*n**2 + 9*n + 16. Let m be f(a). Let l = m - -150. What is the tens digit of l?
7
Suppose 95*y - 2815885 = -9*y - 81*y. What is the tens digit of y?
2
Suppose 225*o = -59*o + 5739551 + 11116133. What is the hundreds digit of o?
3
Let j be 2418 + (-2)/(-2)*15/(-5). Suppose 0 = -8*u + j + 2553. What is the hundreds digit of u?
6
Let s(n) = 859*n**3 - n**2 + 6*n - 7. Let p(b) = -860*b**3 + b**2 - 5*b + 6. Let o(q) = -6*p(q) - 5*s(q). What is the units digit of o(1)?
3
Suppose l = -b + 14187, 19911 = 3*b + 5*l - 22648. What is the thousands digit of b?
4
Suppose r + 5*m + 1034 = -913, -5*m + 7838 = -4*r. Let f = -1169 - r. What is the hundreds digit of f?
7
Let g(h) = -80 + 75 + 105*h - 331*h. What is the tens digit of g(-1)?
2
Suppose 0 = -2*w - 2*w - 2*j + 18, 0 = -w - j + 6. Suppose 15*b = 18*b + 5*q - 1722, 0 = b - w*q - 574. What is the tens digit of b?
7
Suppose 11 = 5*n + 3*y, -6*n = -2*n - 2*y. Suppose -t + 469 = -n. Suppose t = 4*q + q. What is the tens digit of q?
9
Let x(w) = -5*w + 1 + 4 - 6*w**2 + 2*w. Let s be x(-4). Let g = s - -162. What is the units digit of g?
3
Suppose k = -4*g + 9, 3*k - 28 = -3*g - 2*k. What is the hundreds digit of 34*g*-25*48/(-30)?
3
Let p be (-65 + 0)*28/(-70). Let q = -21 + p. Suppose 3*w - q*o - 225 = 0, 5*o = 5 + 10. What is the units digit of w?
0
Suppose 49*x - 47197 - 68835 = 0. What is the tens digit of x?
6
Let q = -345 - -2032. What is the units digit of q?
7
Let m = -20188 + 65511. What is the units digit of m?
3
Let j(m) = 9*m**2 - 7*m - 1. Let p be j(4). Suppose 0*f + 4*f + 4*d = -460, 3*d - p = f. Let g = 221 + f. What is the tens digit of g?
0
Let s be 2 - 152*(186/(-24) - -1). Suppose s = 970*u - 968*u. What is the tens digit of u?
1
Let p(k) = -k**3 - 37*k**2 - 161*k + 74. What is the units digit of p(-38)?
6
Suppose -z = -h - 1838, 3*z - 32*h = -33*h + 5534. What is the hundreds digit of z?
8
Suppose -5*q - 35 = 5*p - 10, 4*p = q. What is the units digit of (-241)/(-2 + p + 2)?
1
Suppose 4*j + j = -j. Suppose 2*a + 4*k + 20 = j, 4*a - 4*k + 7*k = -15. Suppose a*x - 4 = x + 3*z, -4*x + 35 = -5*z. What is the units digit of x?
5
Let m = -80231 + 133182. What is the thousands digit of m?
2
Suppose -4*y = q + 57, 118 - 37 = -5*y + 2*q. Let i = -80 + y. Let s = 23 - i. What is the tens digit of s?
1
What is the units digit of (-19 + (-63)/(-3))/((4/68702)/2)?
2
Let q = -133 + 137. Suppose -t + 651 = q*b, -5*t + 484 = b + 2*b. What is the units digit of b?
3
Suppose 5*z - 20 = -2*y, 6*z - 40 = -4*y + 4*z. Suppose -1266 = y*b - 11*b. What is the units digit of b?
6
Suppose 0*q = 3*q + 1026. Suppose -4*i = h + 332, 0 = 5*i - h - 0*h + 424. What is the units digit of q/(-14) + (-48)/i?
5
Suppose -12*b + 8*b = -s + 83, 4*b = 3*s - 81. What is the tens digit of (-11979)/b - (-100)/175?
7
Let k(f) = f**3 + 3*f**2 + 14*f + 31. Let m(g) = 5*g + 56. Let o be m(-10). What is the tens digit of k(o)?
3
Let o(b) = -b - 123. Let g be o(0). Let y(j) = j**3 + 7*j**2 - 18*j - 70. Let q be y(-5). Let k = q - g. What is the hundreds digit of k?
1
What is the hundreds digit of (-1 + -55603)*5*(-27)/180?
7
What is the units digit of ((-12744)/96)/((1 - 2)/12)?
3
Let u be 2/7 + (320/28)/(-5). Let j be 4 + 19/(-38)*(u - 0). Suppose 0 = -2*b - 2*g + 69 + 71, 52 = b - j*g. What is the tens digit of b?
6
Suppose 24 = -h + 9*a - 14*a, -2*a - 40 = 2*h. What is the tens digit of (-4)/(-18) - (558980/45)/h?
5
Suppose 73*b = -25*b + 1185800. What is the thousands digit of b?
2
Let s(h) be the second derivative of h**4/6 - 13*h**3/6 - 19*h**2/2 + h - 9. What is the tens digit of s(22)?
6
Let z be (1 + (-2)/4)*-2. Let k be (2910/(-90))/(z/3). Let m = k + 35. What is the tens digit of m?
3
Let y be 1/(1 - 2)*(-1608 + -19). Let n = y + -859. What is the hundreds digit of n?
7
Let x(o) be the third derivative of -11*o**4/24 + o**3/3 + 17*o**2. Suppose 4*i = -4*a - 48, i - 5*a = 12 - 0. What is the tens digit of x(i)?
9
What is the hundreds digit of (-7053)/(350/140*(-6)/5)?
3
Suppose 5*x - 7*x = -f + 900, 0 = -5*f + 4*x + 4470. Suppose k + 4*o - 1812 = -k, 2*o = k - f. What is the units digit of k?
8
Let m(d) = 58*d - 26. Let x be m(10). Let y = x + -394. Suppose -5*n + 7*n - y = 0. What is the units digit of n?
0
Let n(u) be the third derivative of 17*u**4/2 - 223*u**3/3 + 188*u**2 + 1. What is the tens digit of n(6)?
7
What is the units digit of (-70)/140 - 18878/(-4)?
9
Let u = -1370 + 1407. Suppose 4*k + g = -4*g + 65, 2*k - 29 = g. Let x = k + u. What is the units digit of x?
2
Suppose 22 = -3*d + 4. Suppose 658*v - 156 = 661*v. What is the tens digit of (v/6)/(2*1/d)?
2
Suppose -152*s + 8400 = -138*s. What is the hundreds digit of (-4)/(((-27)/s)/9)?
8
Let s be (16/(-20))/(4/(-230)). Suppose 548 - 86 = 11*t. Let k = s - t. What is the units digit of k?
4
Suppose -181486 = -23*m + 63809. What is the tens digit of m?
6
Let x be (16/6)/(4/150). Let d = -106 + x. What is the hundreds digit of (-34)/d*((-14)/(-7) - -19)?
1
Let c be (-3 - 4)*-2 + (-2)/(-2). Suppose x + c = 2*x - 2*p, 0 = -4*x - 3*p + 5. Suppose 0 = -3*f - f - 5*q + 165, -x*f + 170 = -q. What is the tens digit of f?
3
Let u(g) = 621*g + 1. Let w be u(2). Let f = -739 + w. What is the units digit of f?
4
Suppose o - 40 = -7*o. Suppose 0 = -o*k + y + 2221, 9*k + 3*y = 12*k - 1335. What is the tens digit of k?
4
Let q = 566 + -1300. Let s = 850 + q. What is the units digit of s?
6
Let k = 36 + -35. Let d = 47 + k. Let s = d - -66. What is the tens digit of s?
1
Let x(r) = -26*r - 25. Let t be x(-1). Suppose -3*q - 5*y = -34, y - 29 = -5*q - 9. What is the units digit of (q/4 - t) + (-6056)/(-32)?
9
Suppose -i - 6 = -2*c - 0*c, -5*c + 9 = -4*i. Suppose -c*w = 5*q - 15, 2*q - 3*w - 2 = -w. What is the units digit of -13*q*9/(-6)?
9
What is the units digit of 2 + ((-49578)/(-12) - -1)*(-5 - -15)?
7
Let j(i) = 8 - 41*i - 1 - 27*i + 33. Let y be j(-8). Suppose -2*b - m = -282, -4*m + m - y = -4*b. What is the hundreds digit of b?
1
Let h(g) = -g**3 + 5*g**2 + 34*g + 21. Let i be h(9). Suppose -7*n + 5448 = -i*n + d, -n + 13